 are the prime factors of 12130?
2, 5, 1213
List the prime factors of 6564.
2, 3, 547
List the prime factors of 3372.
2, 3, 281
List the prime factors of 42768.
2, 3, 11
List the prime factors of 524.
2, 131
List the prime factors of 26994.
2, 3, 11, 409
List the prime factors of 1374.
2, 3, 229
What are the prime factors of 47272?
2, 19, 311
List the prime factors of 7176.
2, 3, 13, 23
List the prime factors of 3329.
3329
What are the prime factors of 17538?
2, 3, 37, 79
What are the prime factors of 18631?
31, 601
List the prime factors of 394.
2, 197
List the prime factors of 3714.
2, 3, 619
List the prime factors of 7266.
2, 3, 7, 173
What are the prime factors of 1153?
1153
What are the prime factors of 166010?
2, 5, 13, 1277
What are the prime factors of 2501?
41, 61
What are the prime factors of 1167?
3, 389
List the prime factors of 10664.
2, 31, 43
List the prime factors of 20805.
3, 5, 19, 73
What are the prime factors of 14457?
3, 61, 79
List the prime factors of 29171.
31, 941
List the prime factors of 240.
2, 3, 5
List the prime factors of 22434.
2, 3, 3739
List the prime factors of 2836.
2, 709
List the prime factors of 52475.
5, 2099
List the prime factors of 36538.
2, 18269
List the prime factors of 93225.
3, 5, 11, 113
What are the prime factors of 14889?
3, 7, 709
List the prime factors of 44824.
2, 13, 431
What are the prime factors of 18253?
18253
What are the prime factors of 1766?
2, 883
List the prime factors of 12872.
2, 1609
List the prime factors of 266.
2, 7, 19
List the prime factors of 29596.
2, 7, 151
List the prime factors of 1356.
2, 3, 113
What are the prime factors of 150797?
150797
List the prime factors of 76830.
2, 3, 5, 13, 197
What are the prime factors of 644?
2, 7, 23
List the prime factors of 51175.
5, 23, 89
List the prime factors of 1692.
2, 3, 47
What are the prime factors of 73806?
2, 3, 12301
What are the prime factors of 2952?
2, 3, 41
What are the prime factors of 309?
3, 103
List the prime factors of 20129.
20129
List the prime factors of 19198.
2, 29, 331
What are the prime factors of 21520?
2, 5, 269
What are the prime factors of 31222?
2, 67, 233
List the prime factors of 39255.
3, 5, 2617
List the prime factors of 95380.
2, 5, 19, 251
List the prime factors of 288.
2, 3
List the prime factors of 11369.
11369
What are the prime factors of 183738?
2, 3, 113, 271
What are the prime factors of 7616?
2, 7, 17
What are the prime factors of 3849?
3, 1283
What are the prime factors of 66474?
2, 3, 1231
List the prime factors of 63473.
63473
What are the prime factors of 5272?
2, 659
List the prime factors of 9349.
9349
List the prime factors of 99211.
7, 14173
List the prime factors of 173138.
2, 7, 83, 149
List the prime factors of 27716.
2, 13, 41
What are the prime factors of 30434?
2, 15217
What are the prime factors of 235?
5, 47
What are the prime factors of 4560?
2, 3, 5, 19
List the prime factors of 1007.
19, 53
List the prime factors of 1434.
2, 3, 239
List the prime factors of 1988.
2, 7, 71
What are the prime factors of 812?
2, 7, 29
What are the prime factors of 35126?
2, 7, 13, 193
List the prime factors of 1037.
17, 61
List the prime factors of 3690.
2, 3, 5, 41
What are the prime factors of 116316?
2, 3, 359
List the prime factors of 6351.
3, 29, 73
What are the prime factors of 56995?
5, 11399
List the prime factors of 5992.
2, 7, 107
List the prime factors of 5503.
5503
What are the prime factors of 8169?
3, 7, 389
What are the prime factors of 12231?
3, 151
What are the prime factors of 687?
3, 229
List the prime factors of 25021.
131, 191
What are the prime factors of 70429?
70429
What are the prime factors of 33354?
2, 3, 17, 109
What are the prime factors of 1541?
23, 67
List the prime factors of 621.
3, 23
List the prime factors of 7750.
2, 5, 31
What are the prime factors of 132969?
3, 127, 349
What are the prime factors of 149912?
2, 7, 2677
What are the prime factors of 26117?
7, 13, 41
List the prime factors of 103442.
2, 51721
List the prime factors of 42692.
2, 13, 821
What are the prime factors of 139190?
2, 5, 31, 449
What are the prime factors of 177?
3, 59
List the prime factors of 1346.
2, 673
List the prime factors of 656.
2, 41
What are the prime factors of 283?
283
List the prime factors of 529.
23
What are the prime factors of 66599?
13, 47, 109
What are the prime factors of 2070?
2, 3, 5, 23
List the prime factors of 2501.
41, 61
List the prime factors of 86544.
2, 3, 601
What are the prime factors of 22859?
22859
List the prime factors of 4745.
5, 13, 73
List the prime factors of 6350.
2, 5, 127
List the prime factors of 22846.
2, 11423
List the prime factors of 63701.
11, 5791
List the prime factors of 1467.
3, 163
What are the prime factors of 13072?
2, 19, 43
List the prime factors of 31630.
2, 5, 3163
What are the prime factors of 57579?
3, 17, 1129
What are the prime factors of 6111?
3, 7, 97
What are the prime factors of 2163?
3, 7, 103
List the prime factors of 4481.
4481
List the prime factors of 278.
2, 139
What are the prime factors of 43893?
3, 4877
What are the prime factors of 52057?
52057
What are the prime factors of 16467?
3, 11, 499
List the prime factors of 3952.
2, 13, 19
List the prime factors of 11.
11
List the prime factors of 1586.
2, 13, 61
What are the prime factors of 6982?
2, 3491
List the prime factors of 45451.
7, 43, 151
What are the prime factors of 50323?
7, 13, 79
What are the prime factors of 1089?
3, 11
List the prime factors of 77233.
13, 457
List the prime factors of 51532.
2, 13, 991
List the prime factors of 122.
2, 61
What are the prime factors of 2857?
2857
What are the prime factors of 14818?
2, 31, 239
What are the prime factors of 9308?
2, 13, 179
What are the prime factors of 3804?
2, 3, 317
What are the prime factors of 322?
2, 7, 23
What are the prime factors of 11420?
2, 5, 571
List the prime factors of 1826.
2, 11, 83
What are the prime factors of 426?
2, 3, 71
What are the prime factors of 18280?
2, 5, 457
What are the prime factors of 968?
2, 11
What are the prime factors of 22006?
2, 11003
What are the prime factors of 32867?
23, 1429
List the prime factors of 3707.
11, 337
List the prime factors of 143380.
2, 5, 67, 107
List the prime factors of 8117.
8117
List the prime factors of 700.
2, 5, 7
List the prime factors of 6795.
3, 5, 151
List the prime factors of 90.
2, 3, 5
What are the prime factors of 16126?
2, 11, 733
List the prime factors of 8154.
2, 3, 151
What are the prime factors of 43787?
43787
List the prime factors of 6480.
2, 3, 5
What are the prime factors of 1537?
29, 53
List the prime factors of 26261.
26261
List the prime factors of 666.
2, 3, 37
What are the prime factors of 1397?
11, 127
List the prime factors of 1541.
23, 67
List the prime factors of 5070.
2, 3, 5, 13
List the prime factors of 122550.
2, 3, 5, 19, 43
List the prime factors of 120155.
5, 7, 3433
What are the prime factors of 34377?
3, 7, 1637
What are the prime factors of 2320?
2, 5, 29
List the prime factors of 3446.
2, 1723
What are the prime factors of 860?
2, 5, 43
What are the prime factors of 1328?
2, 83
List the prime factors of 16252.
2, 17, 239
List the prime factors of 227.
227
List the prime factors of 16045.
5, 3209
What are the prime factors of 6164?
2, 23, 67
What are the prime factors of 15312?
2, 3, 11, 29
What are the prime factors of 405?
3, 5
List the prime factors of 5350.
2, 5, 107
What are the prime factors of 3715?
5, 743
List the prime factors of 33999.
3, 7, 1619
List the prime factors of 4511.
13, 347
What are the prime factors of 2996?
2, 7, 107
What are the prime factors of 263?
263
List the prime factors of 912.
2, 3, 19
List the prime factors of 571.
571
List the prime factors of 415.
5, 83
What are the prime factors of 87822?
2, 3, 7, 17, 41
List the prime factors of 278.
2, 139
What are the prime factors of 7231?
7, 1033
What are the prime factors of 64830?
2, 3, 5, 2161
List the prime factors of 84493.
19, 4447
List the prime factors of 908.
2, 227
List the prime factors of 3550.
2, 5, 71
List the prime factors of 12441.
3, 11, 13, 29
What are the prime factors of 1103?
1103
List the prime factors of 32673.
3, 10891
What are the prime factors of 28804?
2, 19, 379
What are the prime fact